-q. Calculate the remainder when q is divided by p(4).
13
Suppose 3*m - 96 = -4*r + m, r - m - 24 = 0. Calculate the remainder when (-2 + 1)*(-95)/1 is divided by r.
23
Suppose b - 4*l - 21 = 6, -183 = -4*b + l. What is the remainder when b is divided by 4?
3
Calculate the remainder when 4/(-14) - (-3880)/56 is divided by 36.
33
Let a be (10/3)/(3/9). Let u(v) = -3 + a + 0*v + v. Calculate the remainder when 4 is divided by u(-5).
0
Suppose 2*b - 8 = -2*f, 2*f + 4*b - 7 = f. Suppose 0 = f*g + g - 196. What is the remainder when g is divided by 13?
10
Suppose -t = -5*g - 19, -3*g + 7 = 1. Calculate the remainder when t is divided by 3.
2
Let u(x) = x**3 - x**2 + 35. Calculate the remainder when u(0) is divided by (-330)/(-18) + 4/6.
16
Let o = 83 - 35. Suppose o = 3*j - 9. Suppose -28 = -3*w - 0*w + n, 0 = 2*w - n - 18. Calculate the remainder when j is divided by w.
9
Let v = 13 + 11. Suppose 5*f - 89 + v = -5*m, 2*m - 4*f - 14 = 0. What is the remainder when m is divided by 4?
3
Suppose -2928 = 4*d - 0*d. Calculate the remainder when 1/((-3)/(d/4)) is divided by 21.
19
Let m = -75 - -95. Calculate the remainder when 56 is divided by m.
16
Suppose 3*n = 2*r - 9, 6 + 2 = 3*r + n. Suppose 48 = 3*b + 3*d, 3*b - r*d - 99 = -b. Let k = 32 + 7. Calculate the remainder when k is divided by b.
18
Let h = 3 + -13. Calculate the remainder when 58 is divided by 1*-1 + (6 - h).
13
Suppose -3*y = -2*y - 4. Suppose y*i + l = 207, -49 + 324 = 5*i - 2*l. Suppose -x - 5*q = -59, 4*q = 2*x + q - i. What is the remainder when x is divided by 18?
16
Let t = 8 - 26. Let n be (-490)/(-7)*(-2)/(-4). Let g = t + n. Calculate the remainder when 50 is divided by g.
16
Let j = 16 - -34. Let s = j - 33. What is the remainder when (-7*1)/(3/(-21)) is divided by s?
15
Suppose 0 = -5*d + 3*d + 8. Let w be 12 - (-6 - -2 - -4). Suppose -5*x = -d*x - w. Calculate the remainder when 35 is divided by x.
11
Let i(f) = f**3 + 6*f**2 - f - 4. What is the remainder when i(-5) is divided by 7?
5
Suppose 8*p = 11*p - 54. Let x = p - 3. Calculate the remainder when 57 is divided by x.
12
Let z = -20 - -27. What is the remainder when 15 is divided by z?
1
Let r(s) = -2*s**3 + 2*s**2 + 2*s + 1. Calculate the remainder when 40 is divided by r(-2).
19
Let t = -119 - -250. What is the remainder when t is divided by 27?
23
What is the remainder when 27 is divided by (-204)/(-28) + (-4)/14?
6
Suppose 5*k - 10 = 3*g, -3*g - 2*g = -k + 2. Suppose g = 4*n - 10 - 10. Suppose 2*a - a - 2 = 0. Calculate the remainder when n is divided by a.
1
Let d(y) = 3*y**2 + 9*y - 13. Suppose -3*r = 5*q - 30, -4*q + 0*r + 24 = 3*r. What is the remainder when d(2) is divided by q?
5
Let o = 4 + -7. Let w(b) = b**2 + 16*b + 42. Let y be w(-12). Calculate the remainder when y/(o - 0) - -18 is divided by 11.
9
Calculate the remainder when 60/14*(-4 + 11) is divided by 18.
12
Let g(t) = -t**2 + 1. Let v be g(-1). Suppose -3*r + 4*r - 1 = v. What is the remainder when 17 is divided by r/2 - 44/(-8)?
5
Let k(g) = -14*g + 2. Let a(u) = -5*u + 1. Let h(n) = -8*a(n) + 3*k(n). What is the remainder when 10 is divided by h(-4)?
4
Let z = 0 + 2. Suppose -z*d - d = -75. What is the remainder when d is divided by 13?
12
Let a(i) = 2*i**2 - 3*i - 5. Let g be a(5). Calculate the remainder when 40 is divided by 612/g - (-3)/5.
19
Let j = -5 + 6. Calculate the remainder when 22 is divided by 7 + (j - -1)/(-2).
4
Let q(j) = j**3 + 6*j**2 - 7*j - 3. Let a be q(-6). Suppose -2*s = s - a. Calculate the remainder when s is divided by 7.
6
Suppose 0 = -4*h - 2*n + 4*n - 4, 3*h - 4*n = -13. Suppose 10 = 3*o + h. What is the remainder when 5 is divided by o?
2
What is the remainder when 15 is divided by 2 - (3/(-3) - 6)?
6
Let m(v) = 3*v**2 + 8*v - 2. Calculate the remainder when m(-4) is divided by 9.
5
Let m(g) = -2*g. Let l be m(-2). Suppose 5*j + 120 = 5*y, 5*y = l*y + 4*j + 21. What is the remainder when y is divided by (16 + -2)*2/4?
4
Let g = 111 + -77. Calculate the remainder when g is divided by 9.
7
Let m(k) = k. Let f be m(3). Let u(p) = 6*p**2 + 11*p - 1 + 5*p**f + 5*p**2 - 9 - 4*p**3. What is the remainder when u(-9) is divided by 18?
17
Let c(m) = -5*m**2 - 11*m + 5*m**2 + m**2. What is the remainder when 22 is divided by c(12)?
10
Let q(b) = -3*b + 5 - 4*b - 2*b**2 - 4*b + b**2. Let t = 12 + 0. What is the remainder when q(-9) is divided by t?
11
Let f(i) = i + 1. Let q be f(1). Suppose -5*z - 11 = d - 63, -q*d + 4*z + 34 = 0. Calculate the remainder when 80 is divided by d.
26
Let f = -9 - -15. Suppose 0 = 3*o - 2*i - 25, 0*o + 4*i - 13 = -3*o. Let s(b) = b + 4. Calculate the remainder when s(o) is divided by f.
5
Suppose -8*f + 75 = -5*f. Calculate the remainder when 70 is divided by f.
20
Let q be (22/4)/(6/(-12)). Let h = 16 + q. Calculate the remainder when 8 is divided by h.
3
Let g = 3 - 1. Suppose 38 = g*a + 8. Suppose o = 2*o - 43. What is the remainder when o is divided by a?
13
Let j(d) = d + 2. Let o(r) = r**2 + 6*r + 5. Let w be o(-5). Let i be j(w). What is the remainder when (0 + 8)/(i/4) is divided by 9?
7
Let d(b) = 3*b - 32. What is the remainder when 32 is divided by d(13)?
4
Let b = -59 - -117. Let j = 0 - -2. Suppose 0 = -a - j*a + 60. What is the remainder when b is divided by a?
18
Suppose 0 = 5*v - v - 52. Calculate the remainder when v is divided by 7.
6
Calculate the remainder when 29 is divided by 12 + (-10)/(-2) + (-4)/2.
14
Let t be 39/2*(-6)/(-9). Suppose -4*s + n - 4 = -t, -3*s - 4*n + 21 = 0. Let r = 7 + s. Calculate the remainder when 38 is divided by r.
8
Suppose -5*u - 5*k + 290 = 0, 4*u - 88 = 2*k + 150. Calculate the remainder when u is divided by 30.
29
Let d = -11 + 16. Let b(g) = -g**2 + g + 2. Let m be b(0). Suppose -m*w + 5*x - 16 = -5*w, x = d*w - 8. What is the remainder when 3 is divided by w?
1
Let q = -8 + 4. Let a = q + 8. Calculate the remainder when 352/12 + a/6 is divided by 16.
14
Suppose -3*g - 5*l + l = -263, 0 = 4*g + 2*l - 364. What is the remainder when g is divided by 24?
21
Let g(s) = -s**2 - 10*s + 4. What is the remainder when 78 is divided by g(-8)?
18
Suppose 2*q - 47 - 35 = 0. Let i(d) = d**2 - 19*d + 11. What is the remainder when q is divided by i(19)?
8
Suppose 3*b = -0*b + 93. What is the remainder when b is divided by 16?
15
Let r be (-1)/((-1)/(-82)*2). Let i = r - -63. Calculate the remainder when i is divided by 12.
10
Suppose -4*o = -0*o - 188. What is the remainder when o is divided by 12?
11
Suppose -3*u = -3*x - 15, u + u + 4*x + 2 = 0. What is the remainder when 3 is divided by u?
0
Let t(u) = -u**3 - 6*u**2 + 7*u + 8. Suppose 0 = -c - 0*c - 7. Calculate the remainder when ((-725)/75)/((-1)/3) is divided by t(c).
5
Let l(s) = 3*s + 1 - 2*s + s. Calculate the remainder when 4 is divided by l(1).
1
Suppose c + 1 = 5. What is the remainder when ((-1484)/16)/(-7)*c is divided by 14?
11
Let v(h) = h**2 - h. Let x(j) = -2*j**2 + 9*j - 4. Let r(a) = 3*v(a) + x(a). What is the remainder when r(-9) is divided by 8?
7
Suppose -t + 0*t + 35 = 0. Let n = t - 10. Calculate the remainder when n is divided by 7.
4
Suppose 3*d - 2*z - 19 = 0, -z - 15 = -2*d - 3. Calculate the remainder when 17 is divided by d.
2
Suppose 21*l - 14 = 20*l. Let o(v) = -v**3 + 3*v + 3. What is the remainder when l is divided by o(-2)?
4
Suppose -8*o = -3*o - 3*y - 668, -4*y - 536 = -4*o. What is the remainder when o is divided by 17?
14
What is the remainder when (-22)/(-8) - 3/(-12) is divided by 1?
0
Suppose 3*t - 44 = 2*q - 3, -3*q = t - 32. Let d(b) = 32*b**2 - 1. What is the remainder when d(-1) is divided by t?
14
Let b be (5 - 3) + 1*2. What is the remainder when (2 + -11 + -1)*-4 is divided by 58/b + (-3)/6?
12
Suppose 0 = -5*z - 4*q + 76, z - 4*q = -7*q + 13. Let m(d) = d**3 - 4*d**2 - 3*d - 1. What is the remainder when z is divided by m(5)?
7
Let y(c) = c**3 - 4*c**2 - 4. Let s be y(4). Let u = -1 - s. What is the remainder when u is divided by 1?
0
Suppose -2*n + 28 = -4*s - s, 5*n - 40 = 5*s. Let w = 1 - 1. Suppose -3*a = -n*v + 6, -v - 4*v + 5*a + 5 = w. Calculate the remainder when 8 is divided by v.
2
Let a(h) = -h + 15. Let v be 3/1 + 14/(-1). Calculate the remainder when a(v) is divided by 7.
5
Suppose -47 = -2*o - 3*i, -21 = -2*o + o - i. Let m(j) = 15*j - 12.